45341333 (base 6) in base 8?
-13533371
What is -7538534 (base 9) in base 7?
-46231111
What is -42920 (base 11) in base 4?
-33032001
3323030013 (base 4) to base 16
fb307
What is 9665a (base 16) in base 3?
1011022000210
Convert -30424742 (base 8) to base 16.
-6229e2
1002211122112022 (base 3) to base 6
1323514442
-5b7b2 (base 12) to base 3
-20021212022
What is 312310432 (base 5) in base 8?
4732147
10222202201 (base 3) to base 10
78562
-22201201 (base 4) to base 15
-cb8a
Convert 43063315 (base 7) to base 5.
1414201323
What is 675444 (base 10) in base 4?
2210321310
ae7041 (base 15) to base 13
1956a4b
-50562425 (base 7) to base 5
-2034421212
ab995 (base 13) to base 8
1140174
-38c855 (base 13) to base 7
-14434421
Convert 125020205 (base 6) to base 3.
11122202122212
-277240 (base 10) to base 2
-1000011101011111000
-108702 (base 9) to base 10
-65450
11b71d (base 15) to base 13
23940a
What is -29ab0 (base 12) in base 15?
-12566
2001022122 (base 3) to base 8
116610
-107206 (base 9) to base 12
-31280
222782 (base 9) to base 13
488b4
59869 (base 11) to base 13
3032b
Convert -111011000110010110 (base 2) to base 4.
-323012112
Convert a3902 (base 14) to base 5.
100103113
Convert -22370 (base 11) to base 3.
-1122102102
-32214421 (base 5) to base 6
-5504223
3323120 (base 7) to base 6
12434422
Convert -100002102011210 (base 3) to base 15.
-6563c3
-51dbb3 (base 14) to base 15
-399631
What is 1001101111101010010001000 (base 2) in base 14?
29dd7ba
Convert -12021221022 (base 3) to base 9.
-167838
Convert 20279159 (base 10) to base 3.
1102011021202222
Convert cf3d2 (base 16) to base 3.
1121010101220
What is -122003042 (base 5) in base 13?
-173429
What is -115652604 (base 7) in base 6?
-420131540
Convert 144434220 (base 5) to base 4.
2332210100
101011100 (base 3) to base 15
22dc
What is 394fde (base 16) in base 9?
7054231
Convert -421405 (base 7) to base 10.
-72574
What is 3111442 (base 5) in base 9?
76704
Convert -ac4aba (base 14) to base 10.
-5852332
What is 1794 (base 14) in base 11?
3210
What is -3533017 (base 8) in base 7?
-11123551
Convert 35550241 (base 8) to base 13.
17c82b8
What is -424011310 (base 5) in base 4?
-12303011000
Convert 280a018 (base 11) to base 10.
4844859
What is -557736 (base 9) in base 13?
-b8bb4
Convert -31022111003 (base 4) to base 15.
-48241e
What is 2436123 (base 7) in base 16?
4c22d
Convert 34635404 (base 7) to base 8.
13507261
Convert 1122769 (base 10) to base 13.
30407b
What is -786d (base 14) in base 11?
-14756
Convert -211134 (base 8) to base 16.
-1125c
What is 10011000111001001001 (base 2) in base 13?
18c080
What is -801119 (base 13) in base 10?
-2972732
Convert -1100101111101100010011 (base 2) to base 14.
-62d843
What is 158846 (base 16) in base 9?
2580645
-32134246 (base 8) to base 2
-11010001011100010100110
What is 30bbb (base 16) in base 4?
300232323
-345123 (base 6) to base 9
-44586
Convert -2db61 (base 16) to base 10.
-187233
-265227 (base 10) to base 13
-93951
-227419 (base 12) to base 15
-ad789
Convert -6abd7 (base 15) to base 5.
-41341202
-415c6 (base 16) to base 12
-10ab1a
What is 25046 (base 8) in base 4?
2220212
What is -808436 (base 12) in base 13?
-552864
166217 (base 9) to base 14
2974b
2663540 (base 7) to base 5
42224343
What is 1314420334 (base 5) in base 12?
1121a11
399085 (base 12) to base 2
11100111101000100101
What is 520150 (base 7) in base 5?
10321141
Convert -71b67 (base 12) to base 9.
-245677
Convert -6a370a (base 11) to base 9.
-2083010
Convert -33420424 (base 5) to base 13.
-a4431
480196 (base 14) to base 15
3388a2
Convert -12275706 (base 8) to base 13.
-74259b
Convert 736d (base 14) to base 12.
b619
What is -17b7792 (base 15) in base 6?
-1414315102
2359358 (base 10) to base 6
122322542
What is -212012012211 (base 3) in base 6?
-13441251
-3a79d (base 15) to base 6
-4003204
Convert 31001023321 (base 4) to base 11.
1a21041
Convert -2b8b00 (base 12) to base 13.
-1cc47c
-173650 (base 8) to base 13
-22b1c
What is 384426 (base 10) in base 5?
44300201
-8ea (base 15) to base 16
-7e4
What is -6262 (base 15) in base 5?
-1131132
394d18 (base 15) to base 9
5151505
What is 1183650 (base 9) in base 4?
2131221000
What is 670167 (base 9) in base 16?
61beb
Convert 435464 (base 7) to base 2.
10010101001100100
10100101110011110 (base 2) to base 10
84894
11520444 (base 6) to base 8
1317154
What is -107155 (base 8) in base 10?
-36461
100450522 (base 6) to base 15
23dcce
-19649 (base 11) to base 2
-110101100000111
What is -46012 (base 13) in base 7?
-1040356
-1798b11 (base 14) to base 10
-11664171
Convert -44240342 (base 5) to base 4.
-1131231213
Convert -112444431 (base 5) to base 6.
-15015040
-6d4ab (base 15) to base 13
-c2930
-568c0 (base 14) to base 4
-303111220
Convert 2b201 (base 12) to base 13.
21877
Convert 45b81 (base 12) to base 14.
25dbb
What is 11110021211002 (base 3) in base 8?
11020253
Convert 75213 (base 10) to base 16.
125cd
What is 24408 (base 14) in base 5?
10313400
1621125 (base 8) to base 2
1110010001001010101
What is -85949 (base 11) in base 6?
-2402205
Convert -1001210000011 (base 3) to base 7.
-4546264
-1251224 (base 7) to base 16
-27f8f
What is 121030021 (base 4) in base 10?
103177
-310442340 (base 5) to base 3
-2101021201122
-12042352 (base 6) to base 15
-7746e
-10001011100101011100000 (base 2) to base 15
-605380
Convert -145145 (base 8) to base 5.
-3124223
What is 111221020002 (base 3) in base 16?
42f5c
What is 3121526 (base 10) in base 15?
419d6b
What is 521431 (base 9) in base 14?
80ab6
Convert -1817307 (base 9) to base 5.
-230000442
What is 166425 (base 9) in base 6?
2113252
What is 10011001000000011111 (base 2) in base 14?
124579
Convert 72802b (base 16) to base 12.
261a663
Convert -43415 (base 9) to base 15.
-87ce
Convert -13315 (base 15) to base 5.
-3431240
54434551 (base 6) to base 12
662a57
What is -61a94 (base 12) in base 8?
-371320
314613 (base 9) to base 8
555362
What is -79583 (base 12) in base 2?
-100111011011110011
What is 2233200031 (base 4) in base 12?
2a8011
Convert 51807 (base 11) to base 2.
10010011011110111
What is 5211615 (base 7) in base 10?
624909
What is 5155523 (base 8) in base 10?
1366867
-19c7a38 (base 13) to base 6
-502442502
What is 91a94 (base 14) in base 16?
55972
-13232212113 (base 4) to base 11
-1164089
12102111222 (base 3) to base 7
623255
What is 2f926 (base 16) in base 7?
1441042
1469e (base 16) to base 15
19b94
Convert -ac851 (base 15) to base 7.
-4443331
What is -2121110021011 (base 3) in base 16?
-1528ff
-142202410 (base 5) to base 14
-154072
a2cc06 (base 14) to base 11
310aa95
3301b (base 13) to base 12
454b6
134226 (base 16) to base 8
4641046
Convert 1324114401 (base 6) to base 10.
15873121
Convert -3936b9 (base 12) to base 5.
-220024214
-233026 (base 10) to base 2
-111000111001000010
Convert -23103033130 (base 4) to base 7.
-34115503
What is -3422420321 (base 5) in base 11?
-4337482
What is -2053163 (base 7) in base 14?
-6676a
What is 1047599 (base 11) in base 8?
7012033
What is -516672 (base 12) in base 6?
-43204222
What is 466674 (base 9) in base 4?
1010132221
What is 3252e (base 15) in base 4?
213000302
Convert 632485 (base 11) to base 3.
1220111012212
Convert -45f526 (base 16) to base 12.
-165125a
What is -31223526 (base 7) in base 9?
-4844826
What is -a57d (base 14) in base 6?
-340031
What is -42155 (base 10) in base 4?
-22102223
Convert -3523164 (base 7) to base 11.
-282844
What is -51325 (base 8) in base 4?
-11023111
What is -2a03404 (base 11) in base 12?
-1889029
Convert 110222202020220 (base 3) to base 13.
15794ca
What is 44252560 (base 7) in base 11?
2173593
313312223 (base 4) to base 2
110111110110101011
Convert 110100011100011110010 (base 2) to base 7.
20415150
Convert -274754 (base 8) to base 5.
-11043443
-4035767 (base 9) to base 16
-20cd58
What is 572 (base 13) in base 5?
12223
Convert -11343533 (base 7) to base 11.
-625228
-115688 (base 9) to base 11
-48504
What is 18094 (base 16) in base 15?
1e287
315a (base 11) to base 5
113204
Convert -16200266 (base 7) to base 2.
-101111101101000111101
-213054210 (base 6) to base 2
-1110011100011100111110
22feaa (base 16) to base 11
1327096
What is 1130224112 (base 5) in base 10?
2586157
What is -2020671 (base 10) in base 6?
-111150543
75c03 (base 15) to base 8
1332301
What is 219348 (base 10) in base 1